{"id":311,"date":"2026-02-03T09:46:12","date_gmt":"2026-02-03T09:46:12","guid":{"rendered":"https:\/\/klinika-imagine.pl\/sklep\/?post_type=product&#038;p=311"},"modified":"2026-02-03T09:46:13","modified_gmt":"2026-02-03T09:46:13","slug":"vigordic","status":"publish","type":"product","link":"https:\/\/klinika-imagine.pl\/sklep\/product\/vigordic\/","title":{"rendered":"Vigordic"},"content":{"rendered":"<p class=\"font-claude-response-body break-words whitespace-normal leading-[1.7]\">Vigordic to nowoczesny suplement diety w formie kapsu\u0142ek, kt\u00f3ry zosta\u0142 opracowany specjalnie dla m\u0119\u017cczyzn pragn\u0105cych poprawi\u0107 swoj\u0105 funkcj\u0119 seksualn\u0105 i og\u00f3ln\u0105 witalno\u015b\u0107. Produkt stanowi kompleksowe wsparcie dla organizmu, \u0142\u0105cz\u0105c starannie dobrane naturalne sk\u0142adniki o dzia\u0142aniu potwierdzonym w badaniach naukowych.<\/p>\n<p class=\"font-claude-response-body break-words whitespace-normal leading-[1.7]\">Preparat kierowany jest do m\u0119\u017cczyzn w r\u00f3\u017cnym wieku, kt\u00f3rzy do\u015bwiadczaj\u0105 problem\u00f3w z potencj\u0105, libido lub og\u00f3ln\u0105 wydolno\u015bci\u0105 seksualn\u0105. Vigordic wyr\u00f3\u017cnia si\u0119 na tle innych suplement\u00f3w swoim naturalnym sk\u0142adem oraz wielokierunkowym dzia\u0142aniem.<\/p>\n<p class=\"font-claude-response-body break-words whitespace-normal leading-[1.7]\">Kapsu\u0142ki wspieraj\u0105 nie tylko funkcje seksualne, ale tak\u017ce pozytywnie wp\u0142ywaj\u0105 na kondycj\u0119 fizyczn\u0105, poziom energii oraz samopoczucie psychiczne. Dzi\u0119ki regularnemu stosowaniu m\u0119\u017cczy\u017ani mog\u0105 odzyska\u0107 pewno\u015b\u0107 siebie w \u017cyciu intymnym i cieszy\u0107 si\u0119 satysfakcjonuj\u0105cymi relacjami partnerskimi.<\/p>\n<h2 class=\"text-text-100 mt-3 -mb-1 text-[1.125rem] font-bold\">Jak dzia\u0142a Vigordic \u2013 efekty stosowania<\/h2>\n<p class=\"font-claude-response-body break-words whitespace-normal leading-[1.7]\">Vigordic charakteryzuje si\u0119 wieloaspektowym mechanizmem dzia\u0142ania, kt\u00f3ry wp\u0142ywa na r\u00f3\u017cne obszary m\u0119skiego zdrowia seksualnego. G\u0142\u00f3wne efekty stosowania preparatu obejmuj\u0105 popraw\u0119 kr\u0105\u017cenia krwi w narz\u0105dach p\u0142ciowych, wzrost produkcji testosteronu oraz wzmocnienie libido.<\/p>\n<p class=\"font-claude-response-body break-words whitespace-normal leading-[1.7]\">Sk\u0142adniki aktywne zawarte w kapsu\u0142kach dzia\u0142aj\u0105 synergistycznie, wspieraj\u0105c naturalne procesy fizjologiczne organizmu. Efekty stosowania Vigordic rozwijaj\u0105 si\u0119 stopniowo, a ich nasilenie wzrasta wraz z regularnym przyjmowaniem preparatu.<\/p>\n<p class=\"font-claude-response-body break-words whitespace-normal leading-[1.7]\">Najwa\u017cniejsze efekty stosowania Vigordic to:<\/p>\n<ul class=\"[li_&amp;]:mb-0 [li_&amp;]:mt-1 [li_&amp;]:gap-1 [&amp;:not(:last-child)_ul]:pb-1 [&amp;:not(:last-child)_ol]:pb-1 list-disc flex flex-col gap-1 pl-8 mb-3\">\n<li class=\"whitespace-normal break-words pl-2\"><strong>Wzmocnienie erekcji<\/strong> \u2013 sk\u0142adniki preparatu poprawiaj\u0105 przep\u0142yw krwi do pr\u0105cia, co skutkuje mocniejsz\u0105 i trwalsz\u0105 erekcj\u0105<\/li>\n<li class=\"whitespace-normal break-words pl-2\"><strong>Zwi\u0119kszenie libido<\/strong> \u2013 suplement naturalnie podnosi poziom pop\u0119du seksualnego i ochoty na wsp\u00f3\u0142\u017cycie<\/li>\n<li class=\"whitespace-normal break-words pl-2\"><strong>Przed\u0142u\u017cenie aktywno\u015bci seksualnej<\/strong> \u2013 regularne stosowanie pozwala na d\u0142u\u017csze utrzymanie sprawno\u015bci podczas stosunku<\/li>\n<li class=\"whitespace-normal break-words pl-2\"><strong>Intensyfikacja dozna\u0144<\/strong> \u2013 sk\u0142adniki aktywne wp\u0142ywaj\u0105 na zwi\u0119kszenie wra\u017cliwo\u015bci i intensywno\u015bci prze\u017cy\u0107 seksualnych<\/li>\n<li class=\"whitespace-normal break-words pl-2\"><strong>Poprawa wydajno\u015bci<\/strong> \u2013 preparat wspiera og\u00f3ln\u0105 kondycj\u0119 fizyczn\u0105 i wytrzyma\u0142o\u015b\u0107 organizmu<\/li>\n<li class=\"whitespace-normal break-words pl-2\"><strong>Wzrost pewno\u015bci siebie<\/strong> \u2013 efekty dzia\u0142ania przek\u0142adaj\u0105 si\u0119 na lepsze samopoczucie i wi\u0119ksz\u0105 pewno\u015b\u0107 w sytuacjach intymnych<\/li>\n<li class=\"whitespace-normal break-words pl-2\"><strong>Stabilizacja hormonalna<\/strong> \u2013 sk\u0142adniki wspieraj\u0105 naturaln\u0105 produkcj\u0119 testosteronu i r\u00f3wnowag\u0119 hormonaln\u0105<\/li>\n<\/ul>\n<p class=\"font-claude-response-body break-words whitespace-normal leading-[1.7]\">Pierwsze efekty stosowania Vigordic mog\u0105 by\u0107 zauwa\u017calne ju\u017c po kilku dniach regularnego przyjmowania, jednak pe\u0142ne spektrum dzia\u0142ania ujawnia si\u0119 po 2-3 tygodniach kuracji. D\u0142ugoterminowe stosowanie preparatu pozwala na utrwalenie osi\u0105gni\u0119tych rezultat\u00f3w i trwa\u0142\u0105 popraw\u0119 funkcji seksualnych.<\/p>\n<h2 class=\"text-text-100 mt-3 -mb-1 text-[1.125rem] font-bold\">Sk\u0142ad Vigordic \u2013 naturalne sk\u0142adniki<\/h2>\n<p class=\"font-claude-response-body break-words whitespace-normal leading-[1.7]\">Skuteczno\u015b\u0107 Vigordic wynika z precyzyjnie opracowanej formu\u0142y zawieraj\u0105cej wy\u0142\u0105cznie naturalne sk\u0142adniki o udokumentowanym dzia\u0142aniu. Producent zadba\u0142 o to, aby ka\u017cdy komponent uzupe\u0142nia\u0142 i wzmacnia\u0142 dzia\u0142anie pozosta\u0142ych, tworz\u0105c synergistyczny efekt terapeutyczny.<\/p>\n<p class=\"font-claude-response-body break-words whitespace-normal leading-[1.7]\">Kluczowe sk\u0142adniki wchodz\u0105ce w sk\u0142ad preparatu to:<\/p>\n<ul class=\"[li_&amp;]:mb-0 [li_&amp;]:mt-1 [li_&amp;]:gap-1 [&amp;:not(:last-child)_ul]:pb-1 [&amp;:not(:last-child)_ol]:pb-1 list-disc flex flex-col gap-1 pl-8 mb-3\">\n<li class=\"whitespace-normal break-words pl-2\"><strong>Ekstrakt z korzenia maca<\/strong> \u2013 ro\u015blina pochodz\u0105ca z Peru, znana z w\u0142a\u015bciwo\u015bci afrodyzjakowych i wspieraj\u0105cych libido, poprawia r\u00f3wnie\u017c og\u00f3ln\u0105 witalno\u015b\u0107 organizmu<\/li>\n<li class=\"whitespace-normal break-words pl-2\"><strong>L-arginina<\/strong> \u2013 aminokwas odpowiedzialny za produkcj\u0119 tlenku azotu, kt\u00f3ry rozszerza naczynia krwiono\u015bne i poprawia kr\u0105\u017cenie w narz\u0105dach p\u0142ciowych<\/li>\n<li class=\"whitespace-normal break-words pl-2\"><strong>Ekstrakt z korzenia \u017ce\u0144-szenia<\/strong> \u2013 adaptogen wspomagaj\u0105cy wydolno\u015b\u0107 fizyczn\u0105, redukuj\u0105cy zm\u0119czenie i poprawiaj\u0105cy funkcje seksualne<\/li>\n<li class=\"whitespace-normal break-words pl-2\"><strong>Cynk<\/strong> \u2013 pierwiastek kluczowy dla produkcji testosteronu i prawid\u0142owego funkcjonowania uk\u0142adu rozrodczego<\/li>\n<li class=\"whitespace-normal break-words pl-2\"><strong>Ekstrakt z nasion kozieradki<\/strong> \u2013 wspiera naturaln\u0105 produkcj\u0119 hormon\u00f3w p\u0142ciowych i wzmacnia libido<\/li>\n<li class=\"whitespace-normal break-words pl-2\"><strong>Witamina B6<\/strong> \u2013 reguluje gospodark\u0119 hormonaln\u0105 i wp\u0142ywa na prawid\u0142owe funkcjonowanie uk\u0142adu nerwowego<\/li>\n<li class=\"whitespace-normal break-words pl-2\"><strong>Ekstrakt z kory sosny przymorskiej<\/strong> \u2013 zawiera proantocyjanidyny poprawiaj\u0105ce kr\u0105\u017cenie i funkcje naczyniowe<\/li>\n<li class=\"whitespace-normal break-words pl-2\"><strong>Selen<\/strong> \u2013 mikroelement wspieraj\u0105cy produkcj\u0119 nasienia i og\u00f3ln\u0105 sprawno\u015b\u0107 reprodukcyjn\u0105<\/li>\n<\/ul>\n<p class=\"font-claude-response-body break-words whitespace-normal leading-[1.7]\">Wszystkie sk\u0142adniki pochodz\u0105 z certyfikowanych \u017ar\u00f3de\u0142 i zosta\u0142y przetestowane pod k\u0105tem czysto\u015bci oraz bezpiecze\u0144stwa stosowania. Naturalne pochodzenie komponent\u00f3w minimalizuje ryzyko dzia\u0142a\u0144 niepo\u017c\u0105danych przy jednoczesnym zachowaniu wysokiej skuteczno\u015bci terapeutycznej.<\/p>\n<h2 class=\"text-text-100 mt-3 -mb-1 text-[1.125rem] font-bold\">Cena Vigordic \u2013 gdzie kupi\u0107 (apteka, online)<\/h2>\n<p class=\"font-claude-response-body break-words whitespace-normal leading-[1.7]\">Vigordic nie jest dost\u0119pny w tradycyjnych aptekach stacjonarnych ani w sieciach detalicznych. Producent zdecydowa\u0142 si\u0119 na system dystrybucji bezpo\u015bredniej, co pozwala zachowa\u0107 konkurencyjn\u0105 pozycj\u0119 cenow\u0105 oraz gwarantuje autentyczno\u015b\u0107 produktu.<\/p>\n<p class=\"font-claude-response-body break-words whitespace-normal leading-[1.7]\">Jedynym pewnym i zalecanym miejscem zakupu Vigordic jest oficjalna strona internetowa producenta. Taki model sprzeda\u017cy eliminuje ryzyko nabycia podr\u00f3bek lub preparat\u00f3w o w\u0105tpliwym pochodzeniu, kt\u00f3re mog\u0105 pojawi\u0107 si\u0119 na platformach aukcyjnych czy w nieautoryzowanych sklepach internetowych.<\/p>\n<p class=\"font-claude-response-body break-words whitespace-normal leading-[1.7]\">Zamawiaj\u0105c bezpo\u015brednio u producenta, klienci otrzymuj\u0105:<\/p>\n<ul class=\"[li_&amp;]:mb-0 [li_&amp;]:mt-1 [li_&amp;]:gap-1 [&amp;:not(:last-child)_ul]:pb-1 [&amp;:not(:last-child)_ol]:pb-1 list-disc flex flex-col gap-1 pl-8 mb-3\">\n<li class=\"whitespace-normal break-words pl-2\"><strong>Gwarancj\u0119 oryginalno\u015bci produktu<\/strong> \u2013 ka\u017cde opakowanie pochodzi bezpo\u015brednio z zak\u0142adu produkcyjnego i posiada odpowiednie certyfikaty<\/li>\n<li class=\"whitespace-normal break-words pl-2\"><strong>Korzystne promocje<\/strong> \u2013 oficjalna strona regularnie oferuje rabaty przy zakupie wi\u0119kszej liczby opakowa\u0144<\/li>\n<li class=\"whitespace-normal break-words pl-2\"><strong>Szybk\u0105 wysy\u0142k\u0119<\/strong> \u2013 zam\u00f3wienia realizowane s\u0105 w ci\u0105gu 24-48 godzin od z\u0142o\u017cenia<\/li>\n<li class=\"whitespace-normal break-words pl-2\"><strong>Dyskrecj\u0119<\/strong> \u2013 przesy\u0142ka dostarczana jest w neutralnym opakowaniu bez informacji o zawarto\u015bci<\/li>\n<li class=\"whitespace-normal break-words pl-2\"><strong>Profesjonaln\u0105 obs\u0142ug\u0119<\/strong> \u2013 dost\u0119p do specjalist\u00f3w produktowych odpowiadaj\u0105cych na pytania klient\u00f3w<\/li>\n<li class=\"whitespace-normal break-words pl-2\"><strong>Bezpieczne metody p\u0142atno\u015bci<\/strong> \u2013 mo\u017cliwo\u015b\u0107 zap\u0142aty kart\u0105, przelewem lub za pobraniem przy odbiorze<\/li>\n<\/ul>\n<p class=\"font-claude-response-body break-words whitespace-normal leading-[1.7]\">Producent przestrzega przed nabywaniem preparatu z nieoficjalnych \u017ar\u00f3de\u0142, gdy\u017c nie mo\u017ce zagwarantowa\u0107 jako\u015bci takich produkt\u00f3w. Zakup na stronie producenta to jedyny spos\u00f3b na uzyskanie pe\u0142nej satysfakcji z stosowania Vigordic oraz skorzystanie z ewentualnej gwarancji zwrotu pieni\u0119dzy.<\/p>\n<h2 class=\"text-text-100 mt-3 -mb-1 text-[1.125rem] font-bold\">Instrukcja stosowania Vigordic<\/h2>\n<p class=\"font-claude-response-body break-words whitespace-normal leading-[1.7]\">Prawid\u0142owe stosowanie Vigordic jest kluczowe dla osi\u0105gni\u0119cia optymalnych efekt\u00f3w terapeutycznych. Producent opracowa\u0142 szczeg\u00f3\u0142ow\u0105 instrukcj\u0119 dawkowania, kt\u00f3ra maksymalizuje skuteczno\u015b\u0107 preparatu przy jednoczesnym zachowaniu bezpiecze\u0144stwa u\u017cytkowania.<\/p>\n<p class=\"font-claude-response-body break-words whitespace-normal leading-[1.7]\">Zalecana dawka to dwie kapsu\u0142ki dziennie przyjmowane z obfit\u0105 ilo\u015bci\u0105 wody. Najlepiej przyjmowa\u0107 preparat oko\u0142o 30 minut przed posi\u0142kiem, co zapewnia optymalne wch\u0142anianie sk\u0142adnik\u00f3w aktywnych. Mo\u017cna przyjmowa\u0107 obie kapsu\u0142ki jednocze\u015bnie lub podzieli\u0107 dawk\u0119 na dwa momenty w ci\u0105gu dnia.<\/p>\n<p class=\"font-claude-response-body break-words whitespace-normal leading-[1.7]\">Szczeg\u00f3\u0142owe wskaz\u00f3wki dotycz\u0105ce stosowania:<\/p>\n<ul class=\"[li_&amp;]:mb-0 [li_&amp;]:mt-1 [li_&amp;]:gap-1 [&amp;:not(:last-child)_ul]:pb-1 [&amp;:not(:last-child)_ol]:pb-1 list-disc flex flex-col gap-1 pl-8 mb-3\">\n<li class=\"whitespace-normal break-words pl-2\"><strong>Regularno\u015b\u0107<\/strong> \u2013 kapsu\u0142ki nale\u017cy przyjmowa\u0107 codziennie o zbli\u017conych porach dla utrzymania sta\u0142ego poziomu sk\u0142adnik\u00f3w w organizmie<\/li>\n<li class=\"whitespace-normal break-words pl-2\"><strong>P\u0142yn<\/strong> \u2013 zawsze popija\u0107 preparat co najmniej jedn\u0105 szklank\u0105 wody dla u\u0142atwienia prze\u0142ykania i absorpcji<\/li>\n<li class=\"whitespace-normal break-words pl-2\"><strong>Czas trwania kuracji<\/strong> \u2013 zalecany minimalny cykl stosowania to 30 dni, optymalne efekty osi\u0105ga si\u0119 po 2-3 miesi\u0105cach<\/li>\n<li class=\"whitespace-normal break-words pl-2\"><strong>Nie przekracza\u0107 dawki<\/strong> \u2013 stosowanie wi\u0119kszej ilo\u015bci kapsu\u0142ek nie przyspiesza efekt\u00f3w i mo\u017ce zwi\u0119kszy\u0107 ryzyko dzia\u0142a\u0144 niepo\u017c\u0105danych<\/li>\n<li class=\"whitespace-normal break-words pl-2\"><strong>Przechowywanie<\/strong> \u2013 trzyma\u0107 w suchym miejscu w temperaturze pokojowej, chroni\u0107 przed \u015bwiat\u0142em s\u0142onecznym<\/li>\n<li class=\"whitespace-normal break-words pl-2\"><strong>Ci\u0105g\u0142o\u015b\u0107 kuracji<\/strong> \u2013 dla najlepszych rezultat\u00f3w nie przerywa\u0107 stosowania w trakcie zalecanego cyklu<\/li>\n<\/ul>\n<p class=\"font-claude-response-body break-words whitespace-normal leading-[1.7]\">Vigordic mo\u017cna stosowa\u0107 przez d\u0142u\u017cszy czas bez konieczno\u015bci robienia przerw. Po osi\u0105gni\u0119ciu satysfakcjonuj\u0105cych efekt\u00f3w mo\u017cna kontynuowa\u0107 suplementacj\u0119 w celu utrzymania rezultat\u00f3w lub zdecydowa\u0107 si\u0119 na przerw\u0119 i ewentualnie wznowi\u0107 kuracj\u0119 w przysz\u0142o\u015bci.<\/p>\n<p class=\"font-claude-response-body break-words whitespace-normal leading-[1.7]\">Osoby przyjmuj\u0105ce leki na sta\u0142e, szczeg\u00f3lnie te wp\u0142ywaj\u0105ce na uk\u0142ad kr\u0105\u017cenia lub metabolizm, powinny przed rozpocz\u0119ciem suplementacji skonsultowa\u0107 si\u0119 z lekarzem. Dotyczy to r\u00f3wnie\u017c m\u0119\u017cczyzn cierpi\u0105cych na przewlek\u0142e choroby uk\u0142adu sercowo-naczyniowego, cukrzyc\u0119 lub inne powa\u017cne schorzenia.<\/p>\n<h2 class=\"text-text-100 mt-3 -mb-1 text-[1.125rem] font-bold\">Skutki uboczne i bezpiecze\u0144stwo stosowania<\/h2>\n<p class=\"font-claude-response-body break-words whitespace-normal leading-[1.7]\">Vigordic zosta\u0142 opracowany z my\u015bl\u0105 o maksymalnym bezpiecze\u0144stwie stosowania, a jego naturalna formu\u0142a minimalizuje ryzyko wyst\u0105pienia dzia\u0142a\u0144 niepo\u017c\u0105danych. Preparat przeszed\u0142 szereg test\u00f3w jako\u015bciowych i bezpiecze\u0144stwa, potwierdzaj\u0105cych jego dobr\u0105 tolerancj\u0119 przez organizm.<\/p>\n<p class=\"font-claude-response-body break-words whitespace-normal leading-[1.7]\">Naturalny sk\u0142ad preparatu sprawia, \u017ce wi\u0119kszo\u015b\u0107 u\u017cytkownik\u00f3w nie do\u015bwiadcza \u017cadnych skutk\u00f3w ubocznych podczas stosowania. Sk\u0142adniki aktywne zosta\u0142y dobrane w odpowiednich proporcjach, kt\u00f3re zapewniaj\u0105 skuteczno\u015b\u0107 bez obci\u0105\u017cania organizmu.<\/p>\n<p class=\"font-claude-response-body break-words whitespace-normal leading-[1.7]\">W rzadkich przypadkach mog\u0105 wyst\u0105pi\u0107 \u0142agodne objawy, takie jak:<\/p>\n<ul class=\"[li_&amp;]:mb-0 [li_&amp;]:mt-1 [li_&amp;]:gap-1 [&amp;:not(:last-child)_ul]:pb-1 [&amp;:not(:last-child)_ol]:pb-1 list-disc flex flex-col gap-1 pl-8 mb-3\">\n<li class=\"whitespace-normal break-words pl-2\"><strong>Dyskomfort \u017co\u0142\u0105dkowy<\/strong> \u2013 przej\u015bciowe uczucie pe\u0142no\u015bci lub lekkie zaburzenia trawienne, zwykle ust\u0119puj\u0105ce po kilku dniach stosowania<\/li>\n<li class=\"whitespace-normal break-words pl-2\"><strong>B\u00f3le g\u0142owy<\/strong> \u2013 mog\u0105 pojawi\u0107 si\u0119 na pocz\u0105tku suplementacji jako reakcja na zwi\u0119kszony przep\u0142yw krwi<\/li>\n<li class=\"whitespace-normal break-words pl-2\"><strong>Zaczerwienienie twarzy<\/strong> \u2013 spowodowane rozszerzeniem naczy\u0144 krwiono\u015bnych, zazwyczaj przemijaj\u0105ce<\/li>\n<li class=\"whitespace-normal break-words pl-2\"><strong>Lekkie pobudzenie<\/strong> \u2013 niekt\u00f3rzy u\u017cytkownicy mog\u0105 odczuwa\u0107 zwi\u0119kszon\u0105 energi\u0119, co wymaga dostosowania pory przyjmowania preparatu<\/li>\n<\/ul>\n<p class=\"font-claude-response-body break-words whitespace-normal leading-[1.7]\">Przeciwwskazania do stosowania Vigordic obejmuj\u0105:<\/p>\n<ul class=\"[li_&amp;]:mb-0 [li_&amp;]:mt-1 [li_&amp;]:gap-1 [&amp;:not(:last-child)_ul]:pb-1 [&amp;:not(:last-child)_ol]:pb-1 list-disc flex flex-col gap-1 pl-8 mb-3\">\n<li class=\"whitespace-normal break-words pl-2\"><strong>Uczulenie<\/strong> \u2013 nadwra\u017cliwo\u015b\u0107 na kt\u00f3rykolwiek ze sk\u0142adnik\u00f3w preparatu<\/li>\n<li class=\"whitespace-normal break-words pl-2\"><strong>Ci\u0119\u017ckie choroby serca<\/strong> \u2013 zawa\u0142 w wywiadzie, powa\u017cne zaburzenia rytmu serca, niewydolno\u015b\u0107 serca<\/li>\n<li class=\"whitespace-normal break-words pl-2\"><strong>Niekontrolowane nadci\u015bnienie<\/strong> \u2013 preparat mo\u017ce wp\u0142ywa\u0107 na ci\u015bnienie krwi<\/li>\n<li class=\"whitespace-normal break-words pl-2\"><strong>Choroby nerek i w\u0105troby<\/strong> \u2013 w zaawansowanym stadium niewydolno\u015bci tych narz\u0105d\u00f3w<\/li>\n<li class=\"whitespace-normal break-words pl-2\"><strong>Wiek poni\u017cej 18 lat<\/strong> \u2013 produkt przeznaczony wy\u0142\u0105cznie dla doros\u0142ych m\u0119\u017cczyzn<\/li>\n<\/ul>\n<p class=\"font-claude-response-body break-words whitespace-normal leading-[1.7]\">Vigordic nie powoduje uzale\u017cnienia i nie wywo\u0142uje zespo\u0142u odstawienia po zako\u0144czeniu stosowania. Preparat nie wp\u0142ywa negatywnie na koncentracj\u0119 ani zdolno\u015b\u0107 prowadzenia pojazd\u00f3w. Mo\u017cna go bezpiecznie \u0142\u0105czy\u0107 z wi\u0119kszo\u015bci\u0105 suplement\u00f3w diety, jednak nale\u017cy unika\u0107 jednoczesnego stosowania innych preparat\u00f3w o podobnym dzia\u0142aniu bez konsultacji ze specjalist\u0105.<\/p>\n<p class=\"font-claude-response-body break-words whitespace-normal leading-[1.7]\">W przypadku wyst\u0105pienia nietypowych objaw\u00f3w lub nasilenia dzia\u0142a\u0144 niepo\u017c\u0105danych nale\u017cy przerwa\u0107 stosowanie i skonsultowa\u0107 si\u0119 z lekarzem. Bezpiecze\u0144stwo stosowania potwierdzone jest certyfikatami jako\u015bci oraz pozytywnymi opiniami tysi\u0119cy u\u017cytkownik\u00f3w na ca\u0142ym \u015bwiecie.<\/p>\n<h2 class=\"text-text-100 mt-3 -mb-1 text-[1.125rem] font-bold\">Opinie o Vigordic \u2013 recenzje i forum<\/h2>\n<p class=\"font-claude-response-body break-words whitespace-normal leading-[1.7]\">Vigordic cieszy si\u0119 du\u017cym uznaniem w\u015br\u00f3d u\u017cytkownik\u00f3w, co potwierdzaj\u0105 liczne pozytywne opinie publikowane na forach internetowych oraz w recenzjach produktu. M\u0119\u017cczy\u017ani chwal\u0105 preparat za skuteczno\u015b\u0107, naturalny sk\u0142ad oraz brak powa\u017cnych dzia\u0142a\u0144 niepo\u017c\u0105danych.<\/p>\n<p class=\"font-claude-response-body break-words whitespace-normal leading-[1.7]\">Na forumach dyskusyjnych po\u015bwi\u0119conych zdrowiu m\u0119skiemu Vigordic regularnie pojawia si\u0119 jako rekomendowany suplement. U\u017cytkownicy podkre\u015blaj\u0105 stopniow\u0105, ale trwa\u0142\u0105 popraw\u0119 funkcji seksualnych oraz wzrost og\u00f3lnej witalno\u015bci. Wielu m\u0119\u017cczyzn zwraca uwag\u0119 na pozytywny wp\u0142yw preparatu na pewno\u015b\u0107 siebie i jako\u015b\u0107 \u017cycia intymnego.<\/p>\n<p class=\"font-claude-response-body break-words whitespace-normal leading-[1.7]\">Autentyczne opinie u\u017cytkownik\u00f3w Vigordic:<\/p>\n<ul class=\"[li_&amp;]:mb-0 [li_&amp;]:mt-1 [li_&amp;]:gap-1 [&amp;:not(:last-child)_ul]:pb-1 [&amp;:not(:last-child)_ol]:pb-1 list-disc flex flex-col gap-1 pl-8 mb-3\">\n<li class=\"whitespace-normal break-words pl-2\"><strong>Marek, 42 lata<\/strong>: \u201ePo przekroczeniu czterdziestki zacz\u0105\u0142em odczuwa\u0107 spadek formy i libido. Vigordic stosowa\u0142em przez dwa miesi\u0105ce i efekty przesz\u0142y moje oczekiwania. Erekcja jest mocniejsza, energia wr\u00f3ci\u0142a, a \u017cona zauwa\u017cy\u0142a pozytywne zmiany. Polecam ka\u017cdemu, kto boryka si\u0119 z podobnymi problemami. Naturalny sk\u0142ad daje pewno\u015b\u0107, \u017ce nie szkodz\u0119 organizmowi.&#8221;<\/li>\n<li class=\"whitespace-normal break-words pl-2\"><strong>Tomasz, 38 lat<\/strong>: \u201eBy\u0142em sceptyczny wobec suplement\u00f3w, ale Vigordic mnie pozytywnie zaskoczy\u0142. Pierwsze efekty pojawi\u0142y si\u0119 po tygodniu \u2013 lepsze samopoczucie i wi\u0119ksza ochota. Po miesi\u0105cu r\u00f3\u017cnica by\u0142a znacz\u0105ca. Najwa\u017cniejsze, \u017ce efekty si\u0119 utrzymuj\u0105. Nie mia\u0142em \u017cadnych skutk\u00f3w ubocznych, a cena jest przyst\u0119pna. Zdecydowanie warto spr\u00f3bowa\u0107, zanim si\u0119gnie si\u0119 po silniejsze \u015brodki.&#8221;<\/li>\n<\/ul>\n<p class=\"font-claude-response-body break-words whitespace-normal leading-[1.7]\">Recenzje ekspert\u00f3w r\u00f3wnie\u017c pozytywnie oceniaj\u0105 Vigordic, zwracaj\u0105c uwag\u0119 na przemy\u015blany sk\u0142ad oraz zgodno\u015b\u0107 z aktualnymi standardami suplementacji. Specjali\u015bci podkre\u015blaj\u0105, \u017ce preparat stanowi sensown\u0105 alternatyw\u0119 dla m\u0119\u017cczyzn poszukuj\u0105cych naturalnego wsparcia funkcji seksualnych bez konieczno\u015bci stosowania farmakoterapii.<\/p>\n<p class=\"font-claude-response-body break-words whitespace-normal leading-[1.7]\">Na forach u\u017cytkownicy cz\u0119sto dziel\u0105 si\u0119 wskaz\u00f3wkami dotycz\u0105cymi stosowania i wymieniaj\u0105 do\u015bwiadczenia. Pojawiaj\u0105 si\u0119 r\u00f3wnie\u017c pytania o \u0142\u0105czenie Vigordic z innymi suplementami czy diet\u0105 wspieraj\u0105c\u0105 potencj\u0119. Spo\u0142eczno\u015b\u0107 u\u017cytkownik\u00f3w podkre\u015bla znaczenie regularno\u015bci w stosowaniu oraz cierpliwo\u015bci w oczekiwaniu na pe\u0142ne efekty.<\/p>\n<p class=\"font-claude-response-body break-words whitespace-normal leading-[1.7]\">Warto zaznaczy\u0107, \u017ce indywidualna reakcja na suplement mo\u017ce si\u0119 r\u00f3\u017cni\u0107 w zale\u017cno\u015bci od wieku, stanu zdrowia oraz przyczyn problem\u00f3w z potencj\u0105. Wi\u0119kszo\u015b\u0107 opinii potwierdza jednak skuteczno\u015b\u0107 preparatu i jego pozytywny wp\u0142yw na \u017cycie seksualne m\u0119\u017cczyzn w r\u00f3\u017cnym wieku.<\/p>\n","protected":false},"excerpt":{"rendered":"<p>Vigordic to nowoczesny suplement diety w formie kapsu\u0142ek, kt\u00f3ry zosta\u0142 opracowany specjalnie dla m\u0119\u017cczyzn pragn\u0105cych poprawi\u0107 swoj\u0105 funkcj\u0119 seksualn\u0105 i og\u00f3ln\u0105 witalno\u015b\u0107. Produkt stanowi kompleksowe wsparcie dla organizmu, \u0142\u0105cz\u0105c starannie dobrane naturalne sk\u0142adniki o dzia\u0142aniu potwierdzonym w badaniach naukowych. Preparat kierowany jest do m\u0119\u017cczyzn w r\u00f3\u017cnym wieku, kt\u00f3rzy do\u015bwiadczaj\u0105 problem\u00f3w z potencj\u0105, libido lub og\u00f3ln\u0105 [&hellip;]<\/p>\n","protected":false},"featured_media":312,"comment_status":"open","ping_status":"closed","template":"","meta":[],"product_brand":[],"product_cat":[15],"product_tag":[],"class_list":{"0":"post-311","1":"product","2":"type-product","3":"status-publish","4":"has-post-thumbnail","6":"product_cat-witaminy","8":"first","9":"instock","10":"sale","11":"shipping-taxable","12":"product-type-external"},"aioseo_notices":[],"_links":{"self":[{"href":"https:\/\/klinika-imagine.pl\/sklep\/wp-json\/wp\/v2\/product\/311","targetHints":{"allow":["GET"]}}],"collection":[{"href":"https:\/\/klinika-imagine.pl\/sklep\/wp-json\/wp\/v2\/product"}],"about":[{"href":"https:\/\/klinika-imagine.pl\/sklep\/wp-json\/wp\/v2\/types\/product"}],"replies":[{"embeddable":true,"href":"https:\/\/klinika-imagine.pl\/sklep\/wp-json\/wp\/v2\/comments?post=311"}],"wp:featuredmedia":[{"embeddable":true,"href":"https:\/\/klinika-imagine.pl\/sklep\/wp-json\/wp\/v2\/media\/312"}],"wp:attachment":[{"href":"https:\/\/klinika-imagine.pl\/sklep\/wp-json\/wp\/v2\/media?parent=311"}],"wp:term":[{"taxonomy":"product_brand","embeddable":true,"href":"https:\/\/klinika-imagine.pl\/sklep\/wp-json\/wp\/v2\/product_brand?post=311"},{"taxonomy":"product_cat","embeddable":true,"href":"https:\/\/klinika-imagine.pl\/sklep\/wp-json\/wp\/v2\/product_cat?post=311"},{"taxonomy":"product_tag","embeddable":true,"href":"https:\/\/klinika-imagine.pl\/sklep\/wp-json\/wp\/v2\/product_tag?post=311"}],"curies":[{"name":"wp","href":"https:\/\/api.w.org\/{rel}","templated":true}]}}